{"id":469,"date":"2019-07-23T10:43:39","date_gmt":"2019-07-23T10:43:39","guid":{"rendered":"https:\/\/mundovidrios.com\/?page_id=469"},"modified":"2024-01-22T11:15:44","modified_gmt":"2024-01-22T14:15:44","slug":"servicios-mundo","status":"publish","type":"page","link":"https:\/\/mundovidrios.com\/index.php\/servicios-mundo\/","title":{"rendered":"Servicios Mundo Vidrios"},"content":{"rendered":"\t\t<div data-elementor-type=\"wp-post\" data-elementor-id=\"469\" class=\"elementor elementor-469\" data-elementor-post-type=\"page\">\n\t\t\t\t\t\t<section class=\"elementor-section elementor-top-section elementor-element elementor-element-8ebbd02 elementor-section-boxed elementor-section-height-default elementor-section-height-default\" data-id=\"8ebbd02\" data-element_type=\"section\">\n\t\t\t\t\t\t<div class=\"elementor-container elementor-column-gap-no\">\n\t\t\t\t\t<div class=\"elementor-column elementor-col-33 elementor-top-column elementor-element elementor-element-6403f56\" data-id=\"6403f56\" data-element_type=\"column\">\n\t\t\t<div class=\"elementor-widget-wrap elementor-element-populated\">\n\t\t\t\t\t\t<div class=\"elementor-element elementor-element-bffb18a elementor-widget elementor-widget-text-editor\" data-id=\"bffb18a\" data-element_type=\"widget\" data-widget_type=\"text-editor.default\">\n\t\t\t\t<div class=\"elementor-widget-container\">\n\t\t\t\t\t\t\t\t\t<div class=\"sec-title\">\n    <span class=\"top-title\">Nuestra Historia<\/span>\n    <h1>Servicio de Dise\u00f1o de Interiores en L\u00ednea<\/h1>\n<\/div>\n\t\t\t\t\t\t\t\t<\/div>\n\t\t\t\t<\/div>\n\t\t\t\t\t<\/div>\n\t\t<\/div>\n\t\t\t\t<div class=\"elementor-column elementor-col-33 elementor-top-column elementor-element elementor-element-d4eb961\" data-id=\"d4eb961\" data-element_type=\"column\">\n\t\t\t<div class=\"elementor-widget-wrap elementor-element-populated\">\n\t\t\t\t\t\t<div class=\"elementor-element elementor-element-e692151 elementor-widget elementor-widget-text-editor\" data-id=\"e692151\" data-element_type=\"widget\" data-widget_type=\"text-editor.default\">\n\t\t\t\t<div class=\"elementor-widget-container\">\n\t\t\t\t\t\t\t\t\t<div class=\"text\"><p>En Mundo Vidrios, nuestra historia es una fusi\u00f3n de creatividad y habilidad artesanal que se ha desarrollado a lo largo del tiempo. Nos dedicamos apasionadamente a trabajar con vidrio, ofreciendo una amplia gama de soluciones que van desde majestuosos ventanales y balcones hasta elegantes mamparas para ba\u00f1os y proyectos comerciales. Con un compromiso inquebrantable con la calidad y la innovaci\u00f3n, hemos dejado nuestra huella en proyectos para casas, edificios y comercios.<\/p><\/div>\t\t\t\t\t\t\t\t<\/div>\n\t\t\t\t<\/div>\n\t\t\t\t\t<\/div>\n\t\t<\/div>\n\t\t\t\t<div class=\"elementor-column elementor-col-33 elementor-top-column elementor-element elementor-element-6340a0a\" data-id=\"6340a0a\" data-element_type=\"column\">\n\t\t\t<div class=\"elementor-widget-wrap elementor-element-populated\">\n\t\t\t\t\t\t<div class=\"elementor-element elementor-element-687225d elementor-widget elementor-widget-text-editor\" data-id=\"687225d\" data-element_type=\"widget\" data-widget_type=\"text-editor.default\">\n\t\t\t\t<div class=\"elementor-widget-container\">\n\t\t\t\t\t\t\t\t\t<div class=\"text\"><p>Cada proyecto en Mundo Vidrios es una expresi\u00f3n de nuestro compromiso con la excelencia y la satisfacci\u00f3n del cliente. Desde el dise\u00f1o inicial hasta la instalaci\u00f3n final, nos esforzamos por materializar las ideas de nuestros clientes de una manera \u00fanica y funcional. Nuestro equipo altamente capacitado combina la destreza artesanal con las \u00faltimas tendencias en dise\u00f1o, asegurando resultados extraordinarios en cada trabajo.<\/p><\/div>\t\t\t\t\t\t\t\t<\/div>\n\t\t\t\t<\/div>\n\t\t\t\t\t<\/div>\n\t\t<\/div>\n\t\t\t\t\t<\/div>\n\t\t<\/section>\n\t\t\t\t<section class=\"elementor-section elementor-top-section elementor-element elementor-element-9f706f9 elementor-section-boxed elementor-section-height-default elementor-section-height-default\" data-id=\"9f706f9\" data-element_type=\"section\">\n\t\t\t\t\t\t<div class=\"elementor-container elementor-column-gap-default\">\n\t\t\t\t\t<div class=\"elementor-column elementor-col-33 elementor-top-column elementor-element elementor-element-7a229a9\" data-id=\"7a229a9\" data-element_type=\"column\">\n\t\t\t<div class=\"elementor-widget-wrap elementor-element-populated\">\n\t\t\t\t\t\t<div class=\"elementor-element elementor-element-99ff98f elementor-widget elementor-widget-DiacoServiceIcon\" data-id=\"99ff98f\" data-element_type=\"widget\" data-widget_type=\"DiacoServiceIcon.default\">\n\t\t\t\t<div class=\"elementor-widget-container\">\n\t\t\t\t\t\t\t <div class=\"service-block-two\">\n\t\t\t  <div class=\"icon-box\"><i class=\"flaticon-plant-1\"><\/i><\/div>\n\t\t\t  <h5><a href=\"https:\/\/mundovidrios.com\/single-service\/\">Dise\u00f1o Personalizado:<\/a><\/h5>\n\t\t\t  <div class=\"text\"><p>Transformamos tus ideas en realidad, creando dise\u00f1os de interiores que reflejan tu estilo \u00fanico y personalidad. Nuestro enfoque personalizado garantiza ambientes visualmente impactantes y funcionalmente eficientes.<\/p><\/div>\n\t\t  <\/div>\n\t\t \t\t\t\t<\/div>\n\t\t\t\t<\/div>\n\t\t\t\t\t<\/div>\n\t\t<\/div>\n\t\t\t\t<div class=\"elementor-column elementor-col-33 elementor-top-column elementor-element elementor-element-3109da2\" data-id=\"3109da2\" data-element_type=\"column\">\n\t\t\t<div class=\"elementor-widget-wrap elementor-element-populated\">\n\t\t\t\t\t\t<div class=\"elementor-element elementor-element-17555d6 elementor-widget elementor-widget-DiacoServiceIcon\" data-id=\"17555d6\" data-element_type=\"widget\" data-widget_type=\"DiacoServiceIcon.default\">\n\t\t\t\t<div class=\"elementor-widget-container\">\n\t\t\t\t\t\t\t <div class=\"service-block-two\">\n\t\t\t  <div class=\"icon-box\"><i class=\"flaticon-drawing\"><\/i><\/div>\n\t\t\t  <h5><a href=\"https:\/\/mundovidrios.com\/single-service\/\">Ventanas y Balcones Modernos:<\/a><\/h5>\n\t\t\t  <div class=\"text\"><p>Ofrecemos soluciones innovadoras para ventanas y balcones que combinan elegancia y funcionalidad. Mejora la est\u00e9tica de tu hogar o edificio con dise\u00f1os modernos que permiten la entrada de luz natural.<\/p><\/div>\n\t\t  <\/div>\n\t\t \t\t\t\t<\/div>\n\t\t\t\t<\/div>\n\t\t\t\t\t<\/div>\n\t\t<\/div>\n\t\t\t\t<div class=\"elementor-column elementor-col-33 elementor-top-column elementor-element elementor-element-6ea5069\" data-id=\"6ea5069\" data-element_type=\"column\">\n\t\t\t<div class=\"elementor-widget-wrap elementor-element-populated\">\n\t\t\t\t\t\t<div class=\"elementor-element elementor-element-ff65ed0 elementor-widget elementor-widget-DiacoServiceIcon\" data-id=\"ff65ed0\" data-element_type=\"widget\" data-widget_type=\"DiacoServiceIcon.default\">\n\t\t\t\t<div class=\"elementor-widget-container\">\n\t\t\t\t\t\t\t <div class=\"service-block-two\">\n\t\t\t  <div class=\"icon-box\"><i class=\"flaticon-cactus\"><\/i><\/div>\n\t\t\t  <h5><a href=\"https:\/\/mundovidrios.com\/single-service\/\">Mamparas de Vidrio Elegantes:<\/a><\/h5>\n\t\t\t  <div class=\"text\"><p>Personalizamos mamparas de vidrio para agregar un toque de sofisticaci\u00f3n a tus espacios. Nuestros dise\u00f1os aseguran privacidad sin sacrificar la luminosidad, creando ambientes elegantes y acogedores.<\/p><\/div>\n\t\t  <\/div>\n\t\t \t\t\t\t<\/div>\n\t\t\t\t<\/div>\n\t\t\t\t\t<\/div>\n\t\t<\/div>\n\t\t\t\t\t<\/div>\n\t\t<\/section>\n\t\t\t\t<section class=\"elementor-section elementor-top-section elementor-element elementor-element-fd09d6d elementor-section-boxed elementor-section-height-default elementor-section-height-default\" data-id=\"fd09d6d\" data-element_type=\"section\">\n\t\t\t\t\t\t<div class=\"elementor-container elementor-column-gap-default\">\n\t\t\t\t\t<div class=\"elementor-column elementor-col-33 elementor-top-column elementor-element elementor-element-7ee6c8f\" data-id=\"7ee6c8f\" data-element_type=\"column\">\n\t\t\t<div class=\"elementor-widget-wrap elementor-element-populated\">\n\t\t\t\t\t\t<div class=\"elementor-element elementor-element-2505334 elementor-widget elementor-widget-DiacoServiceIcon\" data-id=\"2505334\" data-element_type=\"widget\" data-widget_type=\"DiacoServiceIcon.default\">\n\t\t\t\t<div class=\"elementor-widget-container\">\n\t\t\t\t\t\t\t <div class=\"service-block-two\">\n\t\t\t  <div class=\"icon-box\"><i class=\"flaticon-sofa\"><\/i><\/div>\n\t\t\t  <h5><a href=\"https:\/\/mundovidrios.com\/single-service\/\">Proyectos Comerciales Impactantes:<\/a><\/h5>\n\t\t\t  <div class=\"text\"><p>Desarrollamos soluciones visuales impresionantes para comercios. Utilizamos el vidrio de manera vers\u00e1til para crear entornos atractivos y funcionales que cautivan a clientes y visitantes.<\/p><\/div>\n\t\t  <\/div>\n\t\t \t\t\t\t<\/div>\n\t\t\t\t<\/div>\n\t\t\t\t\t<\/div>\n\t\t<\/div>\n\t\t\t\t<div class=\"elementor-column elementor-col-33 elementor-top-column elementor-element elementor-element-94babd9\" data-id=\"94babd9\" data-element_type=\"column\">\n\t\t\t<div class=\"elementor-widget-wrap elementor-element-populated\">\n\t\t\t\t\t\t<div class=\"elementor-element elementor-element-e33d8ca elementor-widget elementor-widget-DiacoServiceIcon\" data-id=\"e33d8ca\" data-element_type=\"widget\" data-widget_type=\"DiacoServiceIcon.default\">\n\t\t\t\t<div class=\"elementor-widget-container\">\n\t\t\t\t\t\t\t <div class=\"service-block-two\">\n\t\t\t  <div class=\"icon-box\"><i class=\"flaticon-couch\"><\/i><\/div>\n\t\t\t  <h5><a href=\"https:\/\/mundovidrios.com\/single-service\/\">Reparaci\u00f3n y Mantenimiento de Vidrios:<\/a><\/h5>\n\t\t\t  <div class=\"text\"><p>Brindamos servicios especializados en reparaci\u00f3n y mantenimiento de vidrios. Garantizamos la durabilidad y seguridad de tus instalaciones existentes, asegurando un rendimiento \u00f3ptimo a lo largo del tiempo.<\/p><\/div>\n\t\t  <\/div>\n\t\t \t\t\t\t<\/div>\n\t\t\t\t<\/div>\n\t\t\t\t\t<\/div>\n\t\t<\/div>\n\t\t\t\t<div class=\"elementor-column elementor-col-33 elementor-top-column elementor-element elementor-element-6d1a3a3\" data-id=\"6d1a3a3\" data-element_type=\"column\">\n\t\t\t<div class=\"elementor-widget-wrap elementor-element-populated\">\n\t\t\t\t\t\t<div class=\"elementor-element elementor-element-cd967a8 elementor-widget elementor-widget-DiacoServiceIcon\" data-id=\"cd967a8\" data-element_type=\"widget\" data-widget_type=\"DiacoServiceIcon.default\">\n\t\t\t\t<div class=\"elementor-widget-container\">\n\t\t\t\t\t\t\t <div class=\"service-block-two\">\n\t\t\t  <div class=\"icon-box\"><i class=\"flaticon-lamp\"><\/i><\/div>\n\t\t\t  <h5><a href=\"https:\/\/mundovidrios.com\/single-service\/\">Asesoramiento Profesional:<\/a><\/h5>\n\t\t\t  <div class=\"text\"><p>Nuestro equipo de expertos est\u00e1 listo para ofrecerte asesoramiento personalizado en cada etapa. Desde la selecci\u00f3n de materiales hasta el dise\u00f1o, te guiamos para asegurar el \u00e9xito de tu proyecto y la satisfacci\u00f3n total.<\/p><\/div>\n\t\t  <\/div>\n\t\t \t\t\t\t<\/div>\n\t\t\t\t<\/div>\n\t\t\t\t\t<\/div>\n\t\t<\/div>\n\t\t\t\t\t<\/div>\n\t\t<\/section>\n\t\t\t\t<section class=\"elementor-section elementor-top-section elementor-element elementor-element-f52a03c elementor-section-stretched elementor-section-full_width elementor-section-height-default elementor-section-height-default\" data-id=\"f52a03c\" data-element_type=\"section\" data-settings=\"{&quot;stretch_section&quot;:&quot;section-stretched&quot;}\">\n\t\t\t\t\t\t<div class=\"elementor-container elementor-column-gap-no\">\n\t\t\t\t\t<div class=\"elementor-column elementor-col-100 elementor-top-column elementor-element elementor-element-f72cc8f\" data-id=\"f72cc8f\" data-element_type=\"column\">\n\t\t\t<div class=\"elementor-widget-wrap elementor-element-populated\">\n\t\t\t\t\t\t<div class=\"elementor-element elementor-element-59bf70b elementor-widget elementor-widget-DiacoParallaxVideo\" data-id=\"59bf70b\" data-element_type=\"widget\" data-widget_type=\"DiacoParallaxVideo.default\">\n\t\t\t\t<div class=\"elementor-widget-container\">\n\t\t\t\t\t\t\t<!-- video-section -->\n<section class=\"video-style-two centred image_background\"\n\tdata-image-src=\"https:\/\/mundovidrios.com\/wp-content\/uploads\/2024\/01\/PHOTO-2023-08-15-11-19-30.jpg\">\n\t<div class=\"parallax-scene parallax-scene-2 anim-icons\">\n\t\t<span data-depth=\"0.40\" class=\"parallax-layer icon icon-1\"><\/span>\n\t\t<span data-depth=\"0.50\" class=\"parallax-layer icon icon-2\"><\/span>\n\t\t<span data-depth=\"0.30\" class=\"parallax-layer icon icon-3\"><\/span>\n\t\t<span data-depth=\"0.40\" class=\"parallax-layer icon icon-4\"><\/span>\n\t\t<span data-depth=\"0.50\" class=\"parallax-layer icon icon-5\"><\/span>\n\t\t<span data-depth=\"0.30\" class=\"parallax-layer icon icon-6\"><\/span>\n\t<\/div>\n\t<div class=\"container\">\n\t\t<div class=\"inner-content\">\n\t\t\t<span class=\"top-text\">Entrevista a facundo<\/span>\n\t\t\t<h1>VIDEO MUNDO VIDRIOS<\/h1>\t\t\t<a href=\"https:\/\/youtu.be\/yGdGifpQt-M\" class=\"video-link lightbox-image\" data-caption=\"\"><i\n\t\t\t\t\tclass=\"flaticon-arrow\"><\/i><\/a>\n\t\t<\/div>\n\t<\/div>\n<\/section>\n<!-- video-section end -->\n\t\t\n\t\t\t\t\t\t<\/div>\n\t\t\t\t<\/div>\n\t\t\t\t\t<\/div>\n\t\t<\/div>\n\t\t\t\t\t<\/div>\n\t\t<\/section>\n\t\t\t\t<section class=\"elementor-section elementor-top-section elementor-element elementor-element-156feaf elementor-section-boxed elementor-section-height-default elementor-section-height-default\" data-id=\"156feaf\" data-element_type=\"section\">\n\t\t\t\t\t\t<div class=\"elementor-container elementor-column-gap-default\">\n\t\t\t\t\t<div class=\"elementor-column elementor-col-100 elementor-top-column elementor-element elementor-element-0836b75\" data-id=\"0836b75\" data-element_type=\"column\">\n\t\t\t<div class=\"elementor-widget-wrap elementor-element-populated\">\n\t\t\t\t\t\t<div class=\"elementor-element elementor-element-681e87b elementor-widget__width-initial elementor-absolute elementor-widget elementor-widget-image\" data-id=\"681e87b\" data-element_type=\"widget\" data-settings=\"{&quot;_position&quot;:&quot;absolute&quot;}\" data-widget_type=\"image.default\">\n\t\t\t\t<div class=\"elementor-widget-container\">\n\t\t\t\t\t\t\t\t\t\t\t\t\t\t\t<img fetchpriority=\"high\" decoding=\"async\" width=\"640\" height=\"428\" src=\"https:\/\/mundovidrios.com\/wp-content\/uploads\/2024\/01\/cropped-cropped-Logos-global-y-mundo-01-e1705316765385-1024x685.png\" class=\"attachment-large size-large wp-image-1832\" alt=\"\" srcset=\"https:\/\/mundovidrios.com\/wp-content\/uploads\/2024\/01\/cropped-cropped-Logos-global-y-mundo-01-e1705316765385-1024x685.png 1024w, https:\/\/mundovidrios.com\/wp-content\/uploads\/2024\/01\/cropped-cropped-Logos-global-y-mundo-01-e1705316765385-300x201.png 300w, https:\/\/mundovidrios.com\/wp-content\/uploads\/2024\/01\/cropped-cropped-Logos-global-y-mundo-01-e1705316765385-768x514.png 768w, https:\/\/mundovidrios.com\/wp-content\/uploads\/2024\/01\/cropped-cropped-Logos-global-y-mundo-01-e1705316765385-734x491.png 734w, https:\/\/mundovidrios.com\/wp-content\/uploads\/2024\/01\/cropped-cropped-Logos-global-y-mundo-01-e1705316765385-120x80.png 120w, https:\/\/mundovidrios.com\/wp-content\/uploads\/2024\/01\/cropped-cropped-Logos-global-y-mundo-01-e1705316765385.png 1102w\" sizes=\"(max-width: 640px) 100vw, 640px\" \/>\t\t\t\t\t\t\t\t\t\t\t\t\t\t\t<\/div>\n\t\t\t\t<\/div>\n\t\t\t\t\t<\/div>\n\t\t<\/div>\n\t\t\t\t\t<\/div>\n\t\t<\/section>\n\t\t\t\t<\/div>\n\t\t","protected":false},"excerpt":{"rendered":"<p>Nuestra Historia Servicio de Dise\u00f1o de Interiores en L\u00ednea En Mundo Vidrios, nuestra historia es una fusi\u00f3n de creatividad y habilidad artesanal que se ha desarrollado a lo largo del tiempo. Nos dedicamos apasionadamente a trabajar con vidrio, ofreciendo una amplia gama de soluciones que van desde majestuosos ventanales y balcones hasta elegantes mamparas para [&hellip;]<\/p>\n","protected":false},"author":1,"featured_media":1775,"parent":0,"menu_order":0,"comment_status":"closed","ping_status":"closed","template":"","meta":{"footnotes":"","_joinchat":[]},"aioseo_notices":[],"_links":{"self":[{"href":"https:\/\/mundovidrios.com\/index.php\/wp-json\/wp\/v2\/pages\/469"}],"collection":[{"href":"https:\/\/mundovidrios.com\/index.php\/wp-json\/wp\/v2\/pages"}],"about":[{"href":"https:\/\/mundovidrios.com\/index.php\/wp-json\/wp\/v2\/types\/page"}],"author":[{"embeddable":true,"href":"https:\/\/mundovidrios.com\/index.php\/wp-json\/wp\/v2\/users\/1"}],"replies":[{"embeddable":true,"href":"https:\/\/mundovidrios.com\/index.php\/wp-json\/wp\/v2\/comments?post=469"}],"version-history":[{"count":25,"href":"https:\/\/mundovidrios.com\/index.php\/wp-json\/wp\/v2\/pages\/469\/revisions"}],"predecessor-version":[{"id":1968,"href":"https:\/\/mundovidrios.com\/index.php\/wp-json\/wp\/v2\/pages\/469\/revisions\/1968"}],"wp:featuredmedia":[{"embeddable":true,"href":"https:\/\/mundovidrios.com\/index.php\/wp-json\/wp\/v2\/media\/1775"}],"wp:attachment":[{"href":"https:\/\/mundovidrios.com\/index.php\/wp-json\/wp\/v2\/media?parent=469"}],"curies":[{"name":"wp","href":"https:\/\/api.w.org\/{rel}","templated":true}]}}